 + w = 3*w + 447. Is c a composite number?
True
Let c be -7 + 204/30 + 41/5. Let x be 2/(-3 + (-2 - (-36)/c)). Let y = 90 - x. Is y a prime number?
False
Suppose -3*h - h + 9 = 3*c, -4*h + 34 = -2*c. Suppose -4 = -5*n + h*n. Is 1/(0 - n/3196) composite?
True
Suppose -4*m = -3*i - 303415, m - 75858 = -227*i + 232*i. Is m a prime number?
True
Suppose 0 = l - 107 - 239. Let d = l - 219. Is d a prime number?
True
Suppose 0*h = 2*h - 6. Suppose 3*v = -h*v + 143556. Is (-10)/(-25) + v/10 a composite number?
False
Let c(s) = s**3 - 5*s**2 + 2*s - 7. Let u be c(5). Suppose 6904 = 3*t - 5*l, -3*t + 1337 = -u*l - 5557. Is t composite?
False
Suppose -3*p + 4 + 2 = 0. Suppose 8*c = -p*c + 6080. Suppose -3*w - m + 800 = -944, -5*m = -w + c. Is w a composite number?
True
Suppose 0 = -17*j + 2*j + 210. Suppose j*u = 73618 - 5928. Is u a composite number?
True
Let b = -494 + 1645. Is b a prime number?
True
Is -4*(3/(-8)*493094 + -5 + 3) composite?
False
Let b be (7*(-4)/(-84))/(1/9). Suppose -b*h + 11*h = 2344. Is h prime?
True
Suppose -18 = 129*l - 132*l. Is l + -2 + (-223110)/(-10) composite?
True
Suppose -2*q - 19 = -r - 6, 3*r - 3*q - 39 = 0. Suppose 5*h = -25, -2*m - r*h + 15*h = -28004. Is m a prime number?
True
Is (-70677)/(-21)*161/69 a composite number?
False
Suppose 16*b + 20298 = 201530. Suppose -u + 2*u = 3*q - b, -4*q = 2*u - 15116. Is q a composite number?
True
Let c = -70 + 70. Let j be 11/((c - 2)*(-2)/4). Suppose j*a = 4*a + 3199. Is a composite?
False
Let k = 83 - 81. Suppose 3*x - 4505 = -k*x. Is x a composite number?
True
Let p(v) = -5*v + 22. Let d be p(18). Is 1071 + (-1 - -1) + (d - -64) a prime number?
False
Suppose 2*z + 3*z + 17 = 4*l, -z - 4*l = -11. Let v be 3*z*(1 - (-371)/(-21)). Is ((-374)/(-4) - -1) + v/100 a composite number?
True
Suppose 5*y = 4*c + 520835, -3*y + 130*c - 127*c + 312504 = 0. Is y composite?
True
Is (-7)/14*(51 + -109249) composite?
True
Suppose 2*g + 5*r = 98649, -221*r + 49332 = g - 220*r. Is g prime?
False
Let v(c) = 4*c**2 + 5*c - 6. Let z be 180/(-28) - -2*12/56. Let h be v(z). Let s = 422 - h. Is s a prime number?
False
Suppose -2*p + 4*z - z = -59655, -p - 2*z + 29824 = 0. Suppose 17*y = -y + p. Is y a composite number?
False
Let s(a) = a**3 + 12*a**2 - 5*a + 20. Let g be s(-11). Let m = g - 107. Is m a composite number?
False
Suppose -o - 18217 - 10413 = 5*z, 4*z + 143108 = -5*o. Let u = o - -41611. Is u composite?
True
Suppose 2*z - 6*z = -4. Let m be z/(10/45*(-3)/(-254)). Suppose 2*s = 149 + m. Is s composite?
True
Let n = -918 - 2283. Let f = n + 4516. Is f prime?
False
Let p(s) = -s**2 - 10*s + 3. Let h be p(-10). Suppose -h*m + 4*o + 18897 = 0, -2*m + 5*o + 3096 = -9502. Is m composite?
False
Let j be -3 - (1 + -2 + -4). Let d be (12/(-15))/(8/(-60)). Suppose j*q = d*q - 5020. Is q a prime number?
False
Let b(r) = -14 - 25 + 283*r - 24 - 38 + 23. Is b(5) a composite number?
True
Is (-555053604)/(-1092) - 8/(-52) prime?
False
Suppose -2*r + 973*x - 1090 = 968*x, -3*x - 2206 = 4*r. Suppose 2*b - 2957 + 154 = -3*t, t + 2*b - 941 = 0. Let u = t + r. Is u a composite number?
True
Suppose 0 = 474*v - 470*v - 2400. Suppose 2*t - 3086 = -l + v, l - 3698 = t. Is l composite?
True
Let s = 900967 - 211416. Is s composite?
False
Let j = 234 - 66. Is 61151/7 - j/196 a composite number?
True
Suppose 34 = 2*m - 4*x, -m - 9*x - 3 = -7*x. Is -5 + m + 2448 + -1 prime?
False
Suppose 0 = -a - 40 - 54. Let i = 244 + a. Let m = 149 + i. Is m a prime number?
False
Let x = 37632 + -22739. Is x composite?
True
Let q = 13341 + 397892. Is q a prime number?
True
Suppose 0 = z + 6513 - 6515. Let g = 3 + 0. Suppose 0 = g*s + 5*v - 25 - 196, 343 = 5*s + z*v. Is s a composite number?
False
Let q(u) = -22*u - 17. Let y be q(-9). Suppose h = 1153 - y. Suppose -867 = -3*w + h. Is w a composite number?
False
Let r(s) = 453*s**3 - s**2 + 3*s - 1. Let o be r(1). Suppose 0 = -h + 3*i + 132, -2*h + 234 = -i + 5*i. Let j = o - h. Is j a prime number?
True
Suppose -16*c - 485569 = -2161937. Is c a prime number?
True
Let u(d) = 3 + 663*d**3 - 6*d**2 - 39*d**2 + d + 51*d**2 + 1 + 1579*d**3. Is u(3) a prime number?
False
Let q(x) = -x**2 - 4*x + 2. Let k be q(0). Suppose -l - 51*t + 46*t = -14757, -4*l - k*t + 59100 = 0. Is l composite?
True
Let n(j) = -j**3 - 10*j**2 - 23*j - 48. Let s be n(-26). Let c = 20365 - s. Is c a composite number?
False
Suppose -9*c + 16013 = -120841. Is c a prime number?
False
Let w(i) = 16*i**2 + 71*i + 202. Is w(21) a composite number?
True
Let u be (8334/(-27))/((-12)/1314). Let j = u - 13368. Is j a prime number?
True
Let h = 52 - 112. Let k = h - -63. Suppose 1752 + 387 = k*z. Is z prime?
False
Is 70186/2 - -5 - 20/4 a composite number?
True
Suppose 5 = 2*f - 57. Suppose 32 = v - 5*k, -81*v - 51 = -83*v - 3*k. Suppose v*h + 3868 = f*h. Is h composite?
False
Let x be (-2 + 1)*-6 - 4. Suppose -15 = -x*q - 9. Suppose -2*f + 2*s = -592, -f = q*f - 3*s - 1181. Is f a composite number?
False
Suppose -15017 = -69*q - 55727. Let v be 1/(-4) - (-11385)/(-12). Let r = q - v. Is r a prime number?
True
Let h(x) = -2*x - 10. Let y be h(-6). Suppose 6 = 2*m - y. Is m/(-16) + 250/8 prime?
True
Suppose -5*m + 12 = 37, m - 1 = -3*d. Let j be ((-6)/4)/(2/(-4)). Suppose -5*p + 53600 = j*b, -15699 - 5722 = -d*p - 5*b. Is p composite?
False
Suppose 0 = -m - v + 123156, -4*m + v + 147059 + 345570 = 0. Is m a prime number?
False
Let y be ((36/(-3))/1)/(-3 - -4). Let i be (6/5)/(5*y/150). Is 1151*11/(-33)*i*1 a prime number?
True
Suppose 17*h - 48070 - 946341 = -4*m, -2*m - 5*h + 497181 = 0. Is m prime?
False
Suppose -8*z + 11*z + 4*o - 32259 = 0, -5*o = 15. Is z a composite number?
True
Suppose -18*c + 63*c + 66*c - 5861577 = 0. Is c composite?
False
Let c = 5254 - 3146. Let w = c + -915. Is w a prime number?
True
Let b = 309 + -306. Is -10 + 7 + b + 2631 prime?
False
Let m be (-329)/(-49) + -3 + (-2)/(-7). Suppose -4736 = -m*o + 3632. Suppose 6*r = 8*r - o. Is r a prime number?
False
Let y(n) be the first derivative of -n**5/5 + 17*n**4/24 + 4*n**3/3 + 3. Let i(b) be the third derivative of y(b). Is i(-26) a prime number?
True
Let f be (770 + (-5)/(-1))*6/(-15). Let w = f + 393. Is w prime?
True
Let h = 29 - 19. Suppose -3*y + 5 = -h. Suppose -z + 3162 = y*z. Is z a prime number?
False
Is ((-44)/66 + (-32)/15)*35060/(-8) prime?
False
Suppose 4*b + 19*k - 23*k - 652548 = 0, 0 = b - 4*k - 163149. Is b a prime number?
False
Let c(h) = 2714*h**2 + 2*h - 23. Is c(-8) a prime number?
False
Let r = 20 - 25. Let n be 1/r + (-2931)/(-5). Is (n/6)/((-23)/(-69)) composite?
False
Let p = 252 + -218. Suppose -3*s - 2159 + p = -4*z, 0 = 2*s - 10. Is z a composite number?
True
Let t = 59987 + 20544. Is t a composite number?
True
Let q = 22 + -19. Suppose 0*n + 2*n - 1281 = -s, -4*n + q*s = -2567. Is n composite?
False
Suppose 179*v - 62709747 = -15175760. Is v prime?
False
Let l = -374409 - -607804. Is l composite?
True
Let j(y) = -5*y**3 + 2*y**2 + 6*y + 7. Let v be j(-6). Is (1 - -2 - 3) + v a composite number?
False
Let a(m) = 272*m**3 + 8*m**2 + 2*m - 33. Is a(8) a composite number?
False
Suppose 1002*i - 1262108 - 670466 = 988*i. Is i prime?
True
Suppose 91*i + 326600 = 95*i. Suppose -5*c = 8815 - i. Is c composite?
True
Let r = -156 + 161. Suppose 13165 = r*b - 4*v, 2*b + v = -3*v + 5266. Is b composite?
False
Let b(j) = j**3 + 8*j**2 + 8*j + 9. Let p be b(-4). Let s(l) = p*l + 123*l + 66*l + 19. Is s(6) prime?
True
Suppose -20*x = -17*x. Suppose -5*a - 35 = -5*z, 15 = z - x*a - 3*a. Suppose w - z*w = -1126. Is w composite?
False
Let l(f) = 215*f**2 + 14*f + 188. Is l(9) composite?
False
Suppose 12 = 8*a - 4*a, 0 = -2*r - 5*a + 37. Suppose 53895 = -r*k + 26*k. Is k composite?
False
Let k(q) = -8*q - 6. Let j be k(-4). Let z = -24 + j. Suppose 5*x = -3*m + 268, -3*m - z*x + 310 - 39 = 0. Is m composite?
True
Let j(c) = 1 - 2 + 2070*c**2 - 3*c + 3668*c**2 - 3. Is j(-1) prime?
True
Let r(n) = n**3 + 9*n**2 + 14*n + 13. Let m be r(-7). Suppose -84 = -h + m*h. Let c(b) = 6*b**2 + 8*b + 13. Is c(h) a prime number?
True
Let a(k) = -6*k - 60. Let s be a(-10). Let l = s - -2. Suppose -9 = 2*n - 5*n, -l*d + 1271 = 3*n. Is d a prime number?
True
Is ((-17183)/2)/((-21)/(-77) - 51/66) a composite number?
False
Suppose 0 = -3*j - 15, 0 = 8*f - 3*j